{"id":5756,"date":"2023-06-29T12:09:20","date_gmt":"2023-06-29T10:09:20","guid":{"rendered":"https:\/\/acf.mmkt.dev\/?post_type=product&#038;p=5756"},"modified":"2024-04-23T15:29:15","modified_gmt":"2024-04-23T13:29:15","slug":"calcat","status":"publish","type":"product","link":"https:\/\/www.adclofent.com\/ca\/product\/calcat\/","title":{"rendered":"Cal\u00e7at"},"content":{"rendered":"\n<p>Les cintes per sabates s\u2019han convertit en una tend\u00e8ncia molt popular en la moda i sector del cal\u00e7at. Aquestes cintes poden ser <strong>r\u00edgides o el\u00e0stiques<\/strong>, i cada una d\u2019elles es pot utilitzar d\u2019una manera diferent. Trobareu cintes com podrien ser els <strong>cordons<\/strong>, o d\u2019altres cintes el\u00e0stiques i r\u00edgides que us ajudaran amb el disseny de les sabates.<\/p>\n\n\n\n<p>Aquestes cintes tamb\u00e9 tenen avantatges pels usuaris, com la <strong>comoditat i flexibilitat<\/strong> que ofereixen. Les caracter\u00edstiques principals de les cintes que fabriquem per sabates s\u00f3n:<\/p>\n\n\n\n<ul class=\"wp-block-list\">\n<li><strong>Durabilitat<\/strong>: Cintes fetes amb materials d\u2019alta qualitat que proporcionen una gran resist\u00e8ncia al desgast i eviten la deformaci\u00f3 de la sabata, tot despr\u00e9s d\u2019un \u00fas prolongat.<\/li>\n\n\n\n<li><strong>Comoditat<\/strong>: Alt nivell de comoditat, ja que les cintes s\u2019ajusten al voltant del peu de forma segura i ajuden a reduir la pressi\u00f3 sobre els peus, fent-les id\u00f2nies per aquells usuaris amb problemes de sensibilitat als peus<\/li>\n\n\n\n<li><strong>Flexibilitat<\/strong>: Les cintes es poden estirar f\u00e0cilment i es poden adaptar a peus de diferents mides. S\u2019ajustaran autom\u00e0ticament als teus peus.<\/li>\n\n\n\n<li><strong>Versatilitat<\/strong>: Hi ha molts tipus de cintes i dissenys que t\u2019ajudaran a crear una sabata \u00fanica i exclusiva, que compleixi amb les teves necessitats i gustos.<\/li>\n<\/ul>\n\n\n\n<p>Les cintes el\u00e0stiques per a sabates es poden combinar amb altres materials com cuir, tela o malla per crear un disseny m\u00e9s complex i elegant.<\/p>\n","protected":false},"featured_media":5113,"parent":0,"menu_order":0,"template":"","meta":{"_kad_blocks_custom_css":"","_kad_blocks_head_custom_js":"","_kad_blocks_body_custom_js":"","_kad_blocks_footer_custom_js":"","_kad_post_transparent":"","_kad_post_title":"","_kad_post_layout":"","_kad_post_sidebar_id":"","_kad_post_content_style":"","_kad_post_vertical_padding":"","_kad_post_feature":"","_kad_post_feature_position":"","_kad_post_header":false,"_kad_post_footer":false,"footnotes":""},"product-type":[57],"class_list":["post-5756","product","type-product","status-publish","has-post-thumbnail","hentry","product-type-calcat"],"acf":[],"taxonomy_info":{"product-type":[{"value":57,"label":"Cal\u00e7at"}]},"featured_image_src_large":["https:\/\/www.adclofent.com\/wp-content\/uploads\/2023\/05\/6.-CALCAT-768x1024.jpeg",768,1024,true],"author_info":[],"comment_info":"","_links":{"self":[{"href":"https:\/\/www.adclofent.com\/ca\/wp-json\/wp\/v2\/product\/5756","targetHints":{"allow":["GET"]}}],"collection":[{"href":"https:\/\/www.adclofent.com\/ca\/wp-json\/wp\/v2\/product"}],"about":[{"href":"https:\/\/www.adclofent.com\/ca\/wp-json\/wp\/v2\/types\/product"}],"version-history":[{"count":1,"href":"https:\/\/www.adclofent.com\/ca\/wp-json\/wp\/v2\/product\/5756\/revisions"}],"predecessor-version":[{"id":5759,"href":"https:\/\/www.adclofent.com\/ca\/wp-json\/wp\/v2\/product\/5756\/revisions\/5759"}],"wp:featuredmedia":[{"embeddable":true,"href":"https:\/\/www.adclofent.com\/ca\/wp-json\/wp\/v2\/media\/5113"}],"wp:attachment":[{"href":"https:\/\/www.adclofent.com\/ca\/wp-json\/wp\/v2\/media?parent=5756"}],"wp:term":[{"taxonomy":"product-type","embeddable":true,"href":"https:\/\/www.adclofent.com\/ca\/wp-json\/wp\/v2\/product-type?post=5756"}],"curies":[{"name":"wp","href":"https:\/\/api.w.org\/{rel}","templated":true}]}}

Calçat

<p>Les cintes per sabates s’han convertit en una tendència molt popular en la moda i sector del calçat. Aquestes cintes poden ser <strong>rígides o elàstiques</strong>, i cada una d’elles es pot utilitzar d’una manera diferent. Trobareu cintes com podrien ser els <strong>cordons</strong>, o d’altres cintes elàstiques i rígides que us ajudaran amb el disseny de les sabates.</p>



<p>Aquestes cintes també tenen avantatges pels usuaris, com la <strong>comoditat i flexibilitat</strong> que ofereixen. Les característiques principals de les cintes que fabriquem per sabates són:</p>



<ul class="wp-block-list">
<li><strong>Durabilitat</strong>: Cintes fetes amb materials d’alta qualitat que proporcionen una gran resistència al desgast i eviten la deformació de la sabata, tot després d’un ús prolongat.</li>



<li><strong>Comoditat</strong>: Alt nivell de comoditat, ja que les cintes s’ajusten al voltant del peu de forma segura i ajuden a reduir la pressió sobre els peus, fent-les idònies per aquells usuaris amb problemes de sensibilitat als peus</li>



<li><strong>Flexibilitat</strong>: Les cintes es poden estirar fàcilment i es poden adaptar a peus de diferents mides. S’ajustaran automàticament als teus peus.</li>



<li><strong>Versatilitat</strong>: Hi ha molts tipus de cintes i dissenys que t’ajudaran a crear una sabata única i exclusiva, que compleixi amb les teves necessitats i gustos.</li>
</ul>



<p>Les cintes elàstiques per a sabates es poden combinar amb altres materials com cuir, tela o malla per crear un disseny més complex i elegant.</p>
